{"id":2,"date":"2021-09-02T11:30:45","date_gmt":"2021-09-02T11:30:45","guid":{"rendered":"http:\/\/am-scheidtbusch.de\/?page_id=2"},"modified":"2021-09-02T13:21:34","modified_gmt":"2021-09-02T13:21:34","slug":"sample-page","status":"publish","type":"page","link":"https:\/\/am-scheidtbusch.de\/?page_id=2","title":{"rendered":"Impressum"},"content":{"rendered":"<div class=\"impressum__imprint-container\"><dl><dt>Name<\/dt><dd>Martin Stratmann<\/dd><\/dl><dl><dt>Adresse<\/dt><dd>Am Scheidtbusch 34<br \/>\r\n45149 Essen<\/dd><\/dl><dl><dt>E-Mail-Adresse<\/dt><dd><a href=\"mailto:martin.stratmann@mslib.net\">martin.stratmann@mslib.net<\/a><\/dd><\/dl><dl><dt>Telefon<\/dt><dd>0201 8715197<\/dd><\/dl><\/div>\n<p>Dieses Angebot richtet sich an alle Bewohner des Scheidbusch und dient dem privaten Austauch der Nachtbarn. Das Angebot ist nicht kommerziell.<\/p>\n<p>Ich \u00fcbernehme keine Haftung f\u00fcr die Inhalte externer Links.<\/p>\n<p>F\u00fcr den Inhalt eines Kommentars ist ausschlie\u00dflich der Kommentarautor selbst verantwortlich. Als Inhaber dieses Blogs behalte mir vor, jederzeit einzelne Kommentare nicht zu ver\u00f6ffentlichen oder zu l\u00f6schen.<\/p>\n","protected":false},"excerpt":{"rendered":"<p>Dieses Angebot richtet sich an alle Bewohner des Scheidbusch und dient dem privaten Austauch der Nachtbarn. Das Angebot ist nicht kommerziell. Ich \u00fcbernehme keine Haftung f\u00fcr die Inhalte externer Links. F\u00fcr den Inhalt eines Kommentars ist ausschlie\u00dflich der Kommentarautor selbst verantwortlich. Als Inhaber dieses Blogs behalte mir vor, jederzeit einzelne Kommentare nicht zu ver\u00f6ffentlichen oder [&hellip;]<\/p>\n","protected":false},"author":3,"featured_media":0,"parent":0,"menu_order":0,"comment_status":"closed","ping_status":"closed","template":"","meta":{"footnotes":""},"class_list":["post-2","page","type-page","status-publish","hentry","post-preview"],"_links":{"self":[{"href":"https:\/\/am-scheidtbusch.de\/index.php?rest_route=\/wp\/v2\/pages\/2","targetHints":{"allow":["GET"]}}],"collection":[{"href":"https:\/\/am-scheidtbusch.de\/index.php?rest_route=\/wp\/v2\/pages"}],"about":[{"href":"https:\/\/am-scheidtbusch.de\/index.php?rest_route=\/wp\/v2\/types\/page"}],"author":[{"embeddable":true,"href":"https:\/\/am-scheidtbusch.de\/index.php?rest_route=\/wp\/v2\/users\/3"}],"replies":[{"embeddable":true,"href":"https:\/\/am-scheidtbusch.de\/index.php?rest_route=%2Fwp%2Fv2%2Fcomments&post=2"}],"version-history":[{"count":4,"href":"https:\/\/am-scheidtbusch.de\/index.php?rest_route=\/wp\/v2\/pages\/2\/revisions"}],"predecessor-version":[{"id":44,"href":"https:\/\/am-scheidtbusch.de\/index.php?rest_route=\/wp\/v2\/pages\/2\/revisions\/44"}],"wp:attachment":[{"href":"https:\/\/am-scheidtbusch.de\/index.php?rest_route=%2Fwp%2Fv2%2Fmedia&parent=2"}],"curies":[{"name":"wp","href":"https:\/\/api.w.org\/{rel}","templated":true}]}}